e
Is 97597 a prime number?
False
Is 10970209 prime?
True
Is 7205477 a composite number?
False
Is 3319489 prime?
True
Is 120844499 a composite number?
False
Is 2366833 a composite number?
True
Is 12765643 prime?
False
Is 214546483 prime?
True
Is 568863403 a prime number?
True
Is 2378399 prime?
True
Is 20179553 a prime number?
False
Is 482789 a composite number?
False
Is 6496229 composite?
True
Is 437246 composite?
True
Is 13283009 a composite number?
False
Is 454606021 composite?
False
Is 412611 composite?
True
Is 2270927 composite?
True
Is 1749107 prime?
True
Is 833317 composite?
True
Is 66331151 composite?
False
Is 138975631 prime?
True
Is 306437 prime?
True
Is 19545343 a prime number?
False
Is 1407759 a composite number?
True
Is 322541833 prime?
False
Is 1056493 a composite number?
False
Is 1204988737 a composite number?
False
Is 48106057 composite?
True
Is 281142749 prime?
True
Is 1772603 a composite number?
True
Is 1036459 a prime number?
True
Is 1806185 a prime number?
False
Is 6727901 a composite number?
True
Is 399928453 composite?
False
Is 59416033 a composite number?
True
Is 91255 prime?
False
Is 255339559 a composite number?
True
Is 5133907 a prime number?
True
Is 3789659 prime?
False
Is 57946573 a prime number?
True
Is 101780927 a prime number?
True
Is 681292909 a prime number?
False
Is 404230189 a composite number?
True
Is 89310799 prime?
False
Is 4942157 a prime number?
False
Is 383027 prime?
False
Is 5107085 prime?
False
Is 5545193 a composite number?
False
Is 25439231 prime?
True
Is 9112307 prime?
False
Is 6265277 prime?
False
Is 16471967 a prime number?
False
Is 5685931 a composite number?
True
Is 77709991 a composite number?
False
Is 3715091 a prime number?
False
Is 31290167 prime?
True
Is 553411 a composite number?
False
Is 77624947 a composite number?
False
Is 2687437 a composite number?
True
Is 422833 prime?
False
Is 3863971 prime?
True
Is 1015601 a composite number?
False
Is 4554761 a composite number?
False
Is 638371 composite?
False
Is 9701513 composite?
False
Is 71788999 prime?
True
Is 24345713 a prime number?
False
Is 513131 a prime number?
True
Is 15089057 a composite number?
False
Is 885965737 a composite number?
False
Is 65213749 a prime number?
True
Is 13462531 a composite number?
False
Is 4954771 a composite number?
False
Is 392652703 a prime number?
False
Is 7541767 prime?
True
Is 6480223 a composite number?
False
Is 2734663 composite?
False
Is 3554519 prime?
True
Is 6505221 a composite number?
True
Is 26717101 a prime number?
False
Is 236339941 prime?
True
Is 40192441 a prime number?
True
Is 4457851 composite?
True
Is 827185 a prime number?
False
Is 92975503 prime?
False
Is 3575183 a composite number?
False
Is 828861923 a composite number?
True
Is 544873 prime?
False
Is 70090081 composite?
True
Is 36719437 a composite number?
True
Is 485385617 a prime number?
True
Is 852913 composite?
False
Is 56084471 prime?
True
Is 9747643 composite?
False
Is 8549071 prime?
True
Is 614062873 a composite number?
False
Is 93543623 a prime number?
True
Is 1178791 a prime number?
False
Is 5294819 prime?
False
Is 43173983 a composite number?
False
Is 2257939 composite?
False
Is 472499 a prime number?
False
Is 3504229 a composite number?
True
Is 622709 composite?
False
Is 3457693 composite?
True
Is 28550057 a composite number?
False
Is 9864637 a composite number?
False
Is 10416097 prime?
True
Is 417734953 composite?
False
Is 33316301 a composite number?
False
Is 1004723 prime?
True
Is 168195921 prime?
False
Is 7674649 prime?
False
Is 119168831 a prime number?
False
Is 5241461 a composite number?
True
Is 2181103 prime?
False
Is 24760198 a composite number?
True
Is 95765701 a composite number?
False
Is 1985663 a composite number?
False
Is 13495981 a prime number?
False
Is 193303723 composite?
True
Is 1033099 a composite number?
False
Is 513731 a prime number?
True
Is 9459221 prime?
True
Is 1239151 a prime number?
True
Is 6613283 composite?
False
Is 4173997 composite?
True
Is 20458219 composite?
True
Is 4732751 a composite number?
False
Is 3783589 a composite number?
False
Is 117885137 prime?
True
Is 20156153 composite?
False
Is 20239 a composite number?
True
Is 19365413 a composite number?
False
Is 7865849 a prime number?
False
Is 168156701 prime?
True
Is 7032749 prime?
True
Is 1604947507 a composite number?
False
Is 665122 prime?
False
Is 729257 prime?
True
Is 14220709 a prime number?
False
Is 510751 a prime number?
True
Is 3095429 prime?
True
Is 4773479 prime?
True
Is 4650731 a composite number?
True
Is 35835593 a composite number?
False
Is 824491 prime?
False
Is 840632189 a prime number?
True
Is 37794413 prime?
True
Is 161131045 prime?
False
Is 55985639 prime?
True
Is 25504751 a composite number?
False
Is 7307411 composite?
False
Is 1249267 composite?
True
Is 6569107 a composite number?
False
Is 284633 composite?
False
Is 6874609 composite?
True
Is 10261763 a prime number?
True
Is 2009377 a composite number?
False
Is 163127 composite?
False
Is 6367961 composite?
True
Is 40807253 a composite number?
True
Is 87952669 a prime number?
False
Is 19741321 a prime number?
True
Is 104403529 a composite number?
True
Is 6092897 composite?
False
Is 26671301 a prime number?
True
Is 1556693 a prime number?
False
Is 662412079 a composite number?
True
Is 560541109 composite?
True
Is 17393749 composite?
True
Is 332027 a composite number?
True
Is 6556763 a prime number?
False
Is 707789 a composite number?
False
Is 2402951 composite?
False
Is 2545897 a prime number?
False
Is 5783573 composite?
True
Is 10766311 composite?
True
Is 36443993 composite?
True
Is 9467239 a composite number?
True
Is 2648897 composite?
False
Is 46763377 a prime number?
True
Is 28259797 a composite number?
True
Is 35467727 a composite number?
False
Is 19176347 a composite number?
False
Is 1914266 a composite number?
True
Is 18647411 prime?
False
Is 182996431 composite?
False
Is 41599 prime?
False
Is 82313313 a composite number?
True
Is 11707447 composite?
False
Is 2355917 composite?
False
Is 2137301 a prime number?
True
Is 9536327 composite?
True
Is 695351 a prime number?
False
Is 151922297 a composite number?
False
Is 22955113 a composite number?
True
Is 25500749 prime?
True
Is 8791631 prime?
False
Is 20407747 prime?
True
Is 12277183 composite?
False
Is 332933245 composite?
True
Is 5200007 a prime number?
True
Is 51069199 a composite number?
False
Is 25930941 a composite number?
True
Is 4644617 a prime number?
True
Is 107221 prime?
False
Is 234228461 composite?
False
Is 13332937 a prime number?
False
Is 662203 prime?
True
Is 80522179 a prime number?
False
Is 59751521 prime?
True
Is 5795935 composite?
True
Is 3111127 prime?
False
Is 4901467 a prime number?
False
Is 40017407 a prime number?
True
Is 84026479 a prime number?
True
Is 4825853 a prime number?
True
Is 6276761 prime?
False
Is 12631831 a prime number?
True
Is 11000459 a composite number?
True
Is 6017257 prime?
True
Is 761478343 prime?
True
Is 6864167 a composite number?
False
Is 85841 a composite number?
True
Is 19557491 a prime number?
True
Is 680841397 a composite number?
False
Is 13654541 a prime number?
True
Is 5549702 prime?
False
Is 9095627 a prime number?
True
Is 361108861 a composite number?
False
Is 54381193 composite?
False
Is 5029247 a prime number?
True
Is 1090406 composite?
True
Is 89319595 a prime number?
False
Is 293229201 a prime number?
False
Is 4940987 prime?
False
Is 3262891 a prime number?
True
Is 4402721 a composite number?
False
Is 4355687 composite?
True
Is 14523503 a composite number?
False
Is 3045649 a prime number?
False
Is 59112953 composite?
False
Is 15403361 prime?
False
Is 1885307 a composite number?
False
Is 44720401 a composite number?
True
Is 313441379 a prime number?
True
Is 79414233 prime?
False
Is 143641283 prime?
False
Is 15762907 prime?
False
Is 35001089 a composite number?
False
Is 5711113 composite?
False
Is 45555671 a composite number?
True
Is 876893 a prime number?
True
Is 9319879 prime?
False
Is 7249173 a composite number?
True
Is 396497 a composite number?
True
Is 2375195027 prime?
False
Is 109589866 composite?
True
Is 43141843 composite?
False
Is 6729419 prime?
True
Is 460832711 composite?
True
Is 8168761 a composite number?
True
Is 116701467 a composite number?
True
Is